{"id":195,"date":"2024-07-25T15:29:11","date_gmt":"2024-07-25T13:29:11","guid":{"rendered":"https:\/\/alienation-parentale.be\/?page_id=195"},"modified":"2024-08-31T02:04:37","modified_gmt":"2024-08-31T00:04:37","slug":"classification-internationale-des-maladies-cim","status":"publish","type":"page","link":"https:\/\/alienation-parentale.be\/?page_id=195","title":{"rendered":"CIM-11"},"content":{"rendered":"\n<p>La Classification internationale des maladies (CIM) est la classification m\u00e9dicale permettant le codage en morbi-mortalit\u00e9 propos\u00e9e et recommand\u00e9e par l&rsquo;OMS.<\/p>\n\n\n\n<p>Elle est publi\u00e9e par l&rsquo;Organisation mondiale de la sant\u00e9 (OMS) et est mondialement utilis\u00e9e pour l&rsquo;enregistrement des causes de morbidit\u00e9 et de mortalit\u00e9 touchant le domaine de la m\u00e9decine.<\/p>\n\n\n\n<p>La version la plus r\u00e9cente est la CIM 11.&nbsp;<\/p>\n\n\n\n<p>Pourquoi parler de la CIM 11 ? Parce que, m\u00eame si de nombreuses f\u00e9ministes refusent de reconna\u00eetre l\u2019ali\u00e9nation parentale (et pr\u00e9tendent dans de nombreuses publications que le CIM n&rsquo;en parle pas ou a ray\u00e9 ce concept de ses parutions).  Il n\u2019en est pas moins vrai que l\u2019OMS reconna\u00eet que l\u2019ali\u00e9nation parentale n\u2019est pas une maladie mais un facteur explicite influant l\u2019\u00e9tat de sant\u00e9 et induisant des difficult\u00e9s&nbsp; de relations interpersonnelles envers des futurs adultes que sont les enfants.&nbsp;<\/p>\n\n\n\n<p><\/p>\n\n\n\n<figure class=\"wp-block-image\"><img decoding=\"async\" src=\"https:\/\/lh7-rt.googleusercontent.com\/docsz\/AD_4nXf42my9QT77c6O0kLJB2Q5hSwC4uNwb9Tt29e8VxP5Ph0Qo2kPEgcELjvyT3sRVnX4gWTkaoyQI9lwSB2ORKIkzNBFumg-Ixlcmry_CJxEFCYEyAFuGpqk92vNIrwI-UlnJ-F2TiTj0lR9ULJgcfHC__y3G?key=8uUitTrtuxih1GjYC1ZF7A\" alt=\"\"\/><\/figure>\n\n\n\n<p>Il y a donc danger r\u00e9el de traumatismes\u00a0 graves et de troubles psychologiques mentionn\u00e9s par le dernier Classement International des Maladies aupr\u00e8s des enfants en situation d\u2019ali\u00e9nation parentale si le probl\u00e8me n\u2019est pas r\u00e9gl\u00e9 de mani\u00e8re experte.\u00a0<\/p>\n","protected":false},"excerpt":{"rendered":"<p>La Classification internationale des maladies (CIM) est la classification m\u00e9dicale permettant le codage en morbi-mortalit\u00e9 propos\u00e9e et recommand\u00e9e par l&rsquo;OMS. Elle est publi\u00e9e par l&rsquo;Organisation mondiale de la sant\u00e9 (OMS) et est mondialement utilis\u00e9e pour l&rsquo;enregistrement des causes de morbidit\u00e9 et de mortalit\u00e9 touchant le domaine de la m\u00e9decine. La version la plus r\u00e9cente est la CIM 11.&nbsp; Pourquoi&#46;&#46;&#46;<\/p>\n","protected":false},"author":2,"featured_media":0,"parent":0,"menu_order":0,"comment_status":"closed","ping_status":"closed","template":"","meta":{"_monsterinsights_skip_tracking":false,"_monsterinsights_sitenote_active":false,"_monsterinsights_sitenote_note":"","_monsterinsights_sitenote_category":0,"footnotes":""},"class_list":["post-195","page","type-page","status-publish","hentry"],"jetpack_sharing_enabled":true,"_links":{"self":[{"href":"https:\/\/alienation-parentale.be\/index.php?rest_route=\/wp\/v2\/pages\/195","targetHints":{"allow":["GET"]}}],"collection":[{"href":"https:\/\/alienation-parentale.be\/index.php?rest_route=\/wp\/v2\/pages"}],"about":[{"href":"https:\/\/alienation-parentale.be\/index.php?rest_route=\/wp\/v2\/types\/page"}],"author":[{"embeddable":true,"href":"https:\/\/alienation-parentale.be\/index.php?rest_route=\/wp\/v2\/users\/2"}],"replies":[{"embeddable":true,"href":"https:\/\/alienation-parentale.be\/index.php?rest_route=%2Fwp%2Fv2%2Fcomments&post=195"}],"version-history":[{"count":5,"href":"https:\/\/alienation-parentale.be\/index.php?rest_route=\/wp\/v2\/pages\/195\/revisions"}],"predecessor-version":[{"id":277,"href":"https:\/\/alienation-parentale.be\/index.php?rest_route=\/wp\/v2\/pages\/195\/revisions\/277"}],"wp:attachment":[{"href":"https:\/\/alienation-parentale.be\/index.php?rest_route=%2Fwp%2Fv2%2Fmedia&parent=195"}],"curies":[{"name":"wp","href":"https:\/\/api.w.org\/{rel}","templated":true}]}}