{"id":199,"date":"2024-07-25T15:49:15","date_gmt":"2024-07-25T13:49:15","guid":{"rendered":"https:\/\/alienation-parentale.be\/?page_id=199"},"modified":"2026-04-27T16:26:10","modified_gmt":"2026-04-27T14:26:10","slug":"recommandations-dattitude-dans-le-cas-dalienation-parentale","status":"publish","type":"page","link":"https:\/\/alienation-parentale.be\/?page_id=199","title":{"rendered":"Recommandations d\u2019attitude"},"content":{"rendered":"<div class=\"swpm-post-not-logged-in-msg\">You need to be logged in to view this content. Veuillez <a class=\"swpm-login-link\" href=\"https:\/\/alienation-parentale.be\/?page_id=1053\">Log In<\/a>. Not a Member? <a href=\"https:\/\/alienation-parentale.be\/?page_id=1037\">Nous Rejoindre<\/a><\/div>","protected":false},"excerpt":{"rendered":"<p>You need to be logged in to view this content. Veuillez Log In. Not a Member? Nous Rejoindre<\/p>\n","protected":false},"author":2,"featured_media":0,"parent":0,"menu_order":0,"comment_status":"closed","ping_status":"closed","template":"","meta":{"_monsterinsights_skip_tracking":false,"_monsterinsights_sitenote_active":false,"_monsterinsights_sitenote_note":"","_monsterinsights_sitenote_category":0,"footnotes":"[{\"content\":\"\u00a0Marie-France Hirigoyen, \u00ab S\u00e9parations avec enfants \u00bb, <em>\u00c9ditions La D\u00e9couverte<\/em>, Paris, 2024, p.11\",\"id\":\"760de822-9855-4271-a28f-ca0ff835ce1a\"},{\"content\":\"Dr Roland Broca et Olga Odinetz : \u00ab S\u00e9parations conflictuelle et ali\u00e9nation parentale - Enfants en danger \u00bb 3\u00e8me \u00e9dition revue et augment\u00e9e, <em>\u00c9dition Chronique Sociale<\/em>, 2022, p.180\",\"id\":\"ec5f3bbf-d091-470d-a0f2-1952ccdfd1a7\"},{\"content\":\"Dr Roland Broca et Olga Odinetz : \u00ab S\u00e9parations conflictuelle et ali\u00e9nation parentale - Enfants en danger \u00bb 3\u00e8me \u00e9dition revue et augment\u00e9e, <em>\u00c9dition Chronique Sociale<\/em>, 2022,<br>\",\"id\":\"3ef7e422-2e1b-4ba4-ae79-9bc07a916c2d\"}]"},"class_list":["post-199","page","type-page","status-publish","hentry"],"jetpack_sharing_enabled":true,"_links":{"self":[{"href":"https:\/\/alienation-parentale.be\/index.php?rest_route=\/wp\/v2\/pages\/199","targetHints":{"allow":["GET"]}}],"collection":[{"href":"https:\/\/alienation-parentale.be\/index.php?rest_route=\/wp\/v2\/pages"}],"about":[{"href":"https:\/\/alienation-parentale.be\/index.php?rest_route=\/wp\/v2\/types\/page"}],"author":[{"embeddable":true,"href":"https:\/\/alienation-parentale.be\/index.php?rest_route=\/wp\/v2\/users\/2"}],"replies":[{"embeddable":true,"href":"https:\/\/alienation-parentale.be\/index.php?rest_route=%2Fwp%2Fv2%2Fcomments&post=199"}],"version-history":[{"count":14,"href":"https:\/\/alienation-parentale.be\/index.php?rest_route=\/wp\/v2\/pages\/199\/revisions"}],"predecessor-version":[{"id":1396,"href":"https:\/\/alienation-parentale.be\/index.php?rest_route=\/wp\/v2\/pages\/199\/revisions\/1396"}],"wp:attachment":[{"href":"https:\/\/alienation-parentale.be\/index.php?rest_route=%2Fwp%2Fv2%2Fmedia&parent=199"}],"curies":[{"name":"wp","href":"https:\/\/api.w.org\/{rel}","templated":true}]}}