{"id":426,"date":"2024-10-05T21:13:24","date_gmt":"2024-10-05T19:13:24","guid":{"rendered":"https:\/\/alienation-parentale.be\/?page_id=426"},"modified":"2026-02-17T01:15:15","modified_gmt":"2026-02-17T00:15:15","slug":"modele-de-cochem","status":"publish","type":"page","link":"https:\/\/alienation-parentale.be\/?page_id=426","title":{"rendered":"Mod\u00e8le de Cochem"},"content":{"rendered":"\n<p><mark style=\"background-color:rgba(0, 0, 0, 0);color:#ff7ac3\" class=\"has-inline-color\"><strong>Cochem, un mod\u00e8le de m\u00e9diation \u00e0 suivre<\/strong><sup data-fn=\"34cbf423-7f41-4d14-9640-4bf7c0ed5d68\" class=\"fn\"><a href=\"#34cbf423-7f41-4d14-9640-4bf7c0ed5d68\" id=\"34cbf423-7f41-4d14-9640-4bf7c0ed5d68-link\">1<\/a><\/sup><\/mark><\/p>\n\n\n\n<p><strong>Afin de pr\u00e9server les enfants lors d\u2019une s\u00e9paration, Monthey exp\u00e9rimente un nouveau syst\u00e8me o\u00f9 la&nbsp;<a href=\"https:\/\/www.valaisfamily.ch\/N539963\/mediation-familiale.html?M=602065\">m\u00e9diation&nbsp;<\/a>joue l\u2019arbitre entre des parents qui se d\u00e9chirent.<\/strong> A Dinat la juge <a href=\"https:\/\/www.rtbf.be\/article\/separation-de-parents-au-tribunal-le-consensus-parental-un-modele-pour-eviter-l-escalade-du-conflit-10868887\" data-type=\"link\" data-id=\"https:\/\/www.rtbf.be\/article\/separation-de-parents-au-tribunal-le-consensus-parental-un-modele-pour-eviter-l-escalade-du-conflit-10868887\">Marie-France Carlier<\/a> a adopt\u00e9 ce mod\u00e8le pour son tribunal <\/p>\n\n\n\n<blockquote class=\"wp-block-quote is-layout-flow wp-block-quote-is-layout-flow\">\n<p>\u00ab&nbsp;Je r\u00eave que mes parents se comportent et communiquent normalement, qu\u2019ils nous \u00e9pargnent et arr\u00eatent de nous faire payer leurs \u00e9checs.&nbsp;\u00bb<\/p>\n<\/blockquote>\n\n\n\n<p>Bien des enfants souffrent et se retrouvent au milieu des tensions d\u2019adultes. Conflit de loyaut\u00e9, perte du lien avec l\u2019un des deux parents, ils se sentent souvent pris en otage.<\/p>\n\n\n\n<blockquote class=\"wp-block-quote is-layout-flow wp-block-quote-is-layout-flow\">\n<p>\u00ab&nbsp;Ils peuvent subir les dommages collat\u00e9raux d\u2019une dynamique de la terre br\u00fbl\u00e9e o\u00f9 personne ne dialogue, constate Christian Nanchen, chef du service valaisan de la jeunesse, \u00e0 Sion.&nbsp;Depuis 2015 avec l\u2019Observatoire cantonal de la jeunesse, nous avons men\u00e9 en Valais une r\u00e9flexion pour savoir comment changer les choses.&nbsp;\u00bb<\/p>\n<\/blockquote>\n\n\n\n<p>De l\u2019\u00e9tude de ce qui se fait ailleurs en passant par un rapport sur la place des enfants dans les proc\u00e9dures de s\u00e9paration et de divorce, on en arrive \u00e0 l\u2019organisation d\u2019un s\u00e9minaire avec la juge belge Marie-France Carlier qui pratique le&nbsp;<strong>mod\u00e8le de Cochem<\/strong>&nbsp;au tribunal de la famille et de la jeunesse de Namur depuis 2012. Cette r\u00e9union rassemblait magistrats, avocats, travailleurs sociaux, m\u00e9diateurs, autorit\u00e9s de protection de l&rsquo;enfant et de l&rsquo;adulte (<em>APEA<\/em>).<\/p>\n\n\n\n<blockquote class=\"wp-block-quote is-layout-flow wp-block-quote-is-layout-flow\">\n<p>\u00ab&nbsp;La force du mod\u00e8le est de sensibiliser tous les acteurs \u00e0 l\u2019int\u00e9r\u00eat de l\u2019enfant, explique M. Nanchen. Et de les amener \u00e0 se parler, \u00e0 ne plus travailler en silo.&nbsp;\u00bb<\/p>\n<\/blockquote>\n\n\n\n<p>Au rythme d\u2019une fois par mois, ces professionnels vont se retrouver pour voir ce qui fonctionne, ce qui pose probl\u00e8me et t\u00e2cher de faire s\u00e9rieusement bouger les lignes.<\/p>\n\n\n\n<p><strong><mark style=\"background-color:rgba(0, 0, 0, 0);color:#ff7ac3\" class=\"has-inline-color\">Un terrain d\u2019entente<\/mark><\/strong><\/p>\n\n\n\n<p>Le mod\u00e8le de Cochem vient d\u2019Allemagne, d\u2019une petite ville au sud de Bonn o\u00f9 il est appliqu\u00e9 depuis les ann\u00e9es 90. Au centre de son fonctionnement, il y a la volont\u00e9 d\u2019agir ensemble vers une solution concert\u00e9e entre les parents et d\u2019aboutir le plus rapidement possible.<\/p>\n\n\n\n<p>\u00ab&nbsp;Travailler en \u00e9quipe avec tous les intervenants, je me demande si ce n\u2019est pas concr\u00e8tement difficile \u00e0 mettre en place, s\u2019interroge Ma\u00eetre Ana\u00efs Brodard, avocate et m\u00e9diatrice FSA \u00e0 Lausanne.&nbsp;Mais contraindre les parents \u00e0 s\u2019informer sur les modes amiables, leur rappeler leurs responsabilit\u00e9s communes est primordial.&nbsp;\u00bb<\/p>\n\n\n\n<p>Certains hommes, certaines femmes pensent qu\u2019une d\u00e9cision de justice va leur donner satisfaction, mais ils en reviennent apr\u00e8s des mois, des ann\u00e9es de lutte qui leur co\u00fbtent cher \u00e9motionnellement et en honoraires d\u2019avocat.<\/p>\n\n\n\n<p>\u00ab&nbsp;Tenter la m\u00e9diation avant de se lancer dans une action judiciaire est un vrai changement de paradigme, consid\u00e8re Anne Vachoux, pr\u00e9sidente de l\u2018association vaudoise pour la m\u00e9diation familiale (AVMF), \u00e0 Lausanne. C\u2019est une option o\u00f9 chacun va \u00eatre entendu et va pouvoir r\u00e9fl\u00e9chir \u00e0 la suite.&nbsp;\u00bb<\/p>\n\n\n\n<p>Du c\u00f4t\u00e9 des avocats, la peur de perdre des clients et une part de leur chiffre d\u2019affaires peut \u00eatre un frein \u00e0 la m\u00e9diation \u00ab&nbsp;Financi\u00e8rement, une proc\u00e9dure contentieuse rapporte beaucoup plus qu\u2019une proc\u00e9dure extrajudiciaire, convient Mme Brodard. Mais surtout, les avocats n\u2019apprennent pas durant leurs \u00e9tudes le mode de r\u00e9solution amiable. Ils vont donc naturellement conseiller leurs clients sur les possibilit\u00e9s judiciaires.&nbsp;\u00bb<br>Pris dans le syst\u00e8me malgr\u00e9 eux, les parents s\u2019engagent dans une logique gagnant-perdant en oubliant qu\u2019au final personne n\u2019en sort indemne.<\/p>\n\n\n\n<p><strong><mark style=\"background-color:rgba(0, 0, 0, 0);color:#ff7ac3\" class=\"has-inline-color\">La m\u00e9diation, La voie du milieu<\/mark><\/strong><\/p>\n\n\n\n<p>En attendant que Cochem ne se g\u00e9n\u00e9ralise dans toute la Suisse,&nbsp;<strong>le droit collaboratif<\/strong>&nbsp;est une alternative en cours dans le canton de Vaud. Les avocats des deux parties travaillent \u00e0 un accord global commun. Tout y est pass\u00e9 au crible&nbsp;: autorit\u00e9 parentale, droit de garde, lieu de r\u00e9sidence des enfants, contribution d\u2019entretien, partage des avoirs de pr\u00e9voyance, de retraite\u2026 Pr\u00f4nant l\u2019\u00e9coute mutuelle, la bienveillance, les avocats ont obligation de tomber d\u2019accord.<\/p>\n\n\n\n<p>\u00ab&nbsp;En cinq s\u00e9ances, nous devons trouver un arrangement, r\u00e9sume Mme Brodard. Tout le monde tire dans le m\u00eame sens sinon, nous sommes dessaisis du dossier et notre mandat est r\u00e9sili\u00e9.&nbsp;\u00bb Les avocats ont un grand r\u00f4le \u00e0 jouer dans la d\u00e9sescalade des conflits.<\/p>\n\n\n\n<p>Dans le mod\u00e8le de Cochem, la concertation offre aux interlocuteurs une vue globale et \u00e9claire le juge sur la d\u00e9cision finale \u00e0 prendre. \u00ab&nbsp;Il va avoir connaissance de l\u2019ensemble des r\u00e9percussions financi\u00e8res et psychosociales, observe Mme Vachoux. Le travail en r\u00e9seau limite les effets de possibles erreurs.&nbsp;\u00bb<\/p>\n\n\n\n<p>En ayant pris part \u00e0 l\u2019\u00e9laboration des conditions de la s\u00e9paration, les parents respectent davantage le jugement \u00e9manant du magistrat.<\/p>\n\n\n\n<blockquote class=\"wp-block-quote is-layout-flow wp-block-quote-is-layout-flow\">\n<p><strong><mark style=\"background-color:rgba(0, 0, 0, 0);color:#ff7ac3\" class=\"has-inline-color\">Le mod\u00e8le de Cochem enregistre un taux de r\u00e9ussite quasi parfait avec 95% d\u2019accords lors de la premi\u00e8re audience et 98% sur les 5 % restants lors de la deuxi\u00e8me audience.<\/mark><\/strong><\/p>\n<\/blockquote>\n\n\n\n<p>En Suisse, pr\u00e8s d\u2019un mariage sur deux finit par un divorce et ce sont plus de 12.000 enfants mineurs qui sont directement touch\u00e9s. S\u2019ils vivent un moment difficile et douloureux, heureusement la plupart d\u2019entre eux s\u2019en remettent pour peu que leurs parents se parlent dans un respect mutuel. \u00ab&nbsp;Quoi qu\u2019il arrive, les parents restent des parents et vont devoir garder le contact, juge Mme Vachoux. Ce n\u2019est pas un simple probl\u00e8me de voisinage ou un diff\u00e9rend commercial. Ce n\u2019est ni avec votre voisin ou avec un vendeur que vous allez d\u00e9cider o\u00f9 les enfants passent No\u00ebl cette ann\u00e9e.&nbsp;\u00bb La coop\u00e9ration entre les professionnels impliqu\u00e9s, la r\u00e9vision des sch\u00e9mas habituels sont les enjeux du mod\u00e8le de Cochem avec au bout, le bien-\u00eatre de l\u2019enfant, le climat positif dans lequel il va continuer de grandir.<\/p>\n\n\n\n<p>Fran\u00e7ois Jeand\u2019Heur<sup data-fn=\"34cbf423-7f41-4d14-9640-4bf7c0ed5d68\" class=\"fn\"><a href=\"#34cbf423-7f41-4d14-9640-4bf7c0ed5d68\" id=\"34cbf423-7f41-4d14-9640-4bf7c0ed5d68-link\">1<\/a><\/sup><\/p>\n\n\n<ol class=\"wp-block-footnotes\"><li id=\"34cbf423-7f41-4d14-9640-4bf7c0ed5d68\"><a href=\"https:\/\/www.valaisfamily.ch\/N1274610\/pratique-de-cochem-mediation-familiale.html\" data-type=\"link\" data-id=\"https:\/\/www.valaisfamily.ch\/N1274610\/pratique-de-cochem-mediation-familiale.html\">https:\/\/www.valaisfamily.ch\/N1274610\/pratique-de-cochem-mediation-familiale.html<\/a> <a href=\"#34cbf423-7f41-4d14-9640-4bf7c0ed5d68-link\" aria-label=\"Aller \u00e0 la note de bas de page 1\">\u21a9\ufe0e<\/a><\/li><li id=\"34cbf423-7f41-4d14-9640-4bf7c0ed5d68\"><a href=\"https:\/\/www.valaisfamily.ch\/N1274610\/pratique-de-cochem-mediation-familiale.html\" data-type=\"link\" data-id=\"https:\/\/www.valaisfamily.ch\/N1274610\/pratique-de-cochem-mediation-familiale.html\">https:\/\/www.valaisfamily.ch\/N1274610\/pratique-de-cochem-mediation-familiale.html<\/a> <a href=\"#34cbf423-7f41-4d14-9640-4bf7c0ed5d68-link\" aria-label=\"Aller \u00e0 la note de bas de page 2\">\u21a9\ufe0e<\/a><\/li><\/ol>","protected":false},"excerpt":{"rendered":"<p>Cochem, un mod\u00e8le de m\u00e9diation \u00e0 suivre Afin de pr\u00e9server les enfants lors d\u2019une s\u00e9paration, Monthey exp\u00e9rimente un nouveau syst\u00e8me o\u00f9 la&nbsp;m\u00e9diation&nbsp;joue l\u2019arbitre entre des parents qui se d\u00e9chirent. A Dinat la juge Marie-France Carlier a adopt\u00e9 ce mod\u00e8le pour son tribunal \u00ab&nbsp;Je r\u00eave que mes parents se comportent et communiquent normalement, qu\u2019ils nous \u00e9pargnent et arr\u00eatent de nous&#46;&#46;&#46;<\/p>\n","protected":false},"author":2,"featured_media":0,"parent":0,"menu_order":0,"comment_status":"closed","ping_status":"closed","template":"","meta":{"_monsterinsights_skip_tracking":false,"_monsterinsights_sitenote_active":false,"_monsterinsights_sitenote_note":"","_monsterinsights_sitenote_category":0,"footnotes":"[{\"content\":\"<a href=\\\"https:\/\/www.valaisfamily.ch\/N1274610\/pratique-de-cochem-mediation-familiale.html\\\" data-type=\\\"link\\\" data-id=\\\"https:\/\/www.valaisfamily.ch\/N1274610\/pratique-de-cochem-mediation-familiale.html\\\">https:\/\/www.valaisfamily.ch\/N1274610\/pratique-de-cochem-mediation-familiale.html<\/a>\",\"id\":\"34cbf423-7f41-4d14-9640-4bf7c0ed5d68\"},{\"content\":\"<a href=\\\"https:\/\/www.valaisfamily.ch\/N1274610\/pratique-de-cochem-mediation-familiale.html\\\" data-type=\\\"link\\\" data-id=\\\"https:\/\/www.valaisfamily.ch\/N1274610\/pratique-de-cochem-mediation-familiale.html\\\">https:\/\/www.valaisfamily.ch\/N1274610\/pratique-de-cochem-mediation-familiale.html<\/a>\",\"id\":\"34cbf423-7f41-4d14-9640-4bf7c0ed5d68\"}]"},"class_list":["post-426","page","type-page","status-publish","hentry"],"jetpack_sharing_enabled":true,"_links":{"self":[{"href":"https:\/\/alienation-parentale.be\/index.php?rest_route=\/wp\/v2\/pages\/426","targetHints":{"allow":["GET"]}}],"collection":[{"href":"https:\/\/alienation-parentale.be\/index.php?rest_route=\/wp\/v2\/pages"}],"about":[{"href":"https:\/\/alienation-parentale.be\/index.php?rest_route=\/wp\/v2\/types\/page"}],"author":[{"embeddable":true,"href":"https:\/\/alienation-parentale.be\/index.php?rest_route=\/wp\/v2\/users\/2"}],"replies":[{"embeddable":true,"href":"https:\/\/alienation-parentale.be\/index.php?rest_route=%2Fwp%2Fv2%2Fcomments&post=426"}],"version-history":[{"count":3,"href":"https:\/\/alienation-parentale.be\/index.php?rest_route=\/wp\/v2\/pages\/426\/revisions"}],"predecessor-version":[{"id":1110,"href":"https:\/\/alienation-parentale.be\/index.php?rest_route=\/wp\/v2\/pages\/426\/revisions\/1110"}],"wp:attachment":[{"href":"https:\/\/alienation-parentale.be\/index.php?rest_route=%2Fwp%2Fv2%2Fmedia&parent=426"}],"curies":[{"name":"wp","href":"https:\/\/api.w.org\/{rel}","templated":true}]}}

Modèle de Cochem

<p><mark style="background-color:rgba(0, 0, 0, 0);color:#ff7ac3" class="has-inline-color"><strong>Cochem, un modèle de médiation à suivre</strong><sup data-fn="34cbf423-7f41-4d14-9640-4bf7c0ed5d68" class="fn"><a href="#34cbf423-7f41-4d14-9640-4bf7c0ed5d68" id="34cbf423-7f41-4d14-9640-4bf7c0ed5d68-link">1</a></sup></mark></p>



<p><strong>Afin de préserver les enfants lors d’une séparation, Monthey expérimente un nouveau système où la&nbsp;<a href="https://www.valaisfamily.ch/N539963/mediation-familiale.html?M=602065">médiation&nbsp;</a>joue l’arbitre entre des parents qui se déchirent.</strong> A Dinat la juge <a href="https://www.rtbf.be/article/separation-de-parents-au-tribunal-le-consensus-parental-un-modele-pour-eviter-l-escalade-du-conflit-10868887" data-type="link" data-id="https://www.rtbf.be/article/separation-de-parents-au-tribunal-le-consensus-parental-un-modele-pour-eviter-l-escalade-du-conflit-10868887">Marie-France Carlier</a> a adopté ce modèle pour son tribunal </p>



<blockquote class="wp-block-quote is-layout-flow wp-block-quote-is-layout-flow">
<p>«&nbsp;Je rêve que mes parents se comportent et communiquent normalement, qu’ils nous épargnent et arrêtent de nous faire payer leurs échecs.&nbsp;»</p>
</blockquote>



<p>Bien des enfants souffrent et se retrouvent au milieu des tensions d’adultes. Conflit de loyauté, perte du lien avec l’un des deux parents, ils se sentent souvent pris en otage.</p>



<blockquote class="wp-block-quote is-layout-flow wp-block-quote-is-layout-flow">
<p>«&nbsp;Ils peuvent subir les dommages collatéraux d’une dynamique de la terre brûlée où personne ne dialogue, constate Christian Nanchen, chef du service valaisan de la jeunesse, à Sion.&nbsp;Depuis 2015 avec l’Observatoire cantonal de la jeunesse, nous avons mené en Valais une réflexion pour savoir comment changer les choses.&nbsp;»</p>
</blockquote>



<p>De l’étude de ce qui se fait ailleurs en passant par un rapport sur la place des enfants dans les procédures de séparation et de divorce, on en arrive à l’organisation d’un séminaire avec la juge belge Marie-France Carlier qui pratique le&nbsp;<strong>modèle de Cochem</strong>&nbsp;au tribunal de la famille et de la jeunesse de Namur depuis 2012. Cette réunion rassemblait magistrats, avocats, travailleurs sociaux, médiateurs, autorités de protection de l&rsquo;enfant et de l&rsquo;adulte (<em>APEA</em>).</p>



<blockquote class="wp-block-quote is-layout-flow wp-block-quote-is-layout-flow">
<p>«&nbsp;La force du modèle est de sensibiliser tous les acteurs à l’intérêt de l’enfant, explique M. Nanchen. Et de les amener à se parler, à ne plus travailler en silo.&nbsp;»</p>
</blockquote>



<p>Au rythme d’une fois par mois, ces professionnels vont se retrouver pour voir ce qui fonctionne, ce qui pose problème et tâcher de faire sérieusement bouger les lignes.</p>



<p><strong><mark style="background-color:rgba(0, 0, 0, 0);color:#ff7ac3" class="has-inline-color">Un terrain d’entente</mark></strong></p>



<p>Le modèle de Cochem vient d’Allemagne, d’une petite ville au sud de Bonn où il est appliqué depuis les années 90. Au centre de son fonctionnement, il y a la volonté d’agir ensemble vers une solution concertée entre les parents et d’aboutir le plus rapidement possible.</p>



<p>«&nbsp;Travailler en équipe avec tous les intervenants, je me demande si ce n’est pas concrètement difficile à mettre en place, s’interroge Maître Anaïs Brodard, avocate et médiatrice FSA à Lausanne.&nbsp;Mais contraindre les parents à s’informer sur les modes amiables, leur rappeler leurs responsabilités communes est primordial.&nbsp;»</p>



<p>Certains hommes, certaines femmes pensent qu’une décision de justice va leur donner satisfaction, mais ils en reviennent après des mois, des années de lutte qui leur coûtent cher émotionnellement et en honoraires d’avocat.</p>



<p>«&nbsp;Tenter la médiation avant de se lancer dans une action judiciaire est un vrai changement de paradigme, considère Anne Vachoux, présidente de l‘association vaudoise pour la médiation familiale (AVMF), à Lausanne. C’est une option où chacun va être entendu et va pouvoir réfléchir à la suite.&nbsp;»</p>



<p>Du côté des avocats, la peur de perdre des clients et une part de leur chiffre d’affaires peut être un frein à la médiation «&nbsp;Financièrement, une procédure contentieuse rapporte beaucoup plus qu’une procédure extrajudiciaire, convient Mme Brodard. Mais surtout, les avocats n’apprennent pas durant leurs études le mode de résolution amiable. Ils vont donc naturellement conseiller leurs clients sur les possibilités judiciaires.&nbsp;»<br>Pris dans le système malgré eux, les parents s’engagent dans une logique gagnant-perdant en oubliant qu’au final personne n’en sort indemne.</p>



<p><strong><mark style="background-color:rgba(0, 0, 0, 0);color:#ff7ac3" class="has-inline-color">La médiation, La voie du milieu</mark></strong></p>



<p>En attendant que Cochem ne se généralise dans toute la Suisse,&nbsp;<strong>le droit collaboratif</strong>&nbsp;est une alternative en cours dans le canton de Vaud. Les avocats des deux parties travaillent à un accord global commun. Tout y est passé au crible&nbsp;: autorité parentale, droit de garde, lieu de résidence des enfants, contribution d’entretien, partage des avoirs de prévoyance, de retraite… Prônant l’écoute mutuelle, la bienveillance, les avocats ont obligation de tomber d’accord.</p>



<p>«&nbsp;En cinq séances, nous devons trouver un arrangement, résume Mme Brodard. Tout le monde tire dans le même sens sinon, nous sommes dessaisis du dossier et notre mandat est résilié.&nbsp;» Les avocats ont un grand rôle à jouer dans la désescalade des conflits.</p>



<p>Dans le modèle de Cochem, la concertation offre aux interlocuteurs une vue globale et éclaire le juge sur la décision finale à prendre. «&nbsp;Il va avoir connaissance de l’ensemble des répercussions financières et psychosociales, observe Mme Vachoux. Le travail en réseau limite les effets de possibles erreurs.&nbsp;»</p>



<p>En ayant pris part à l’élaboration des conditions de la séparation, les parents respectent davantage le jugement émanant du magistrat.</p>



<blockquote class="wp-block-quote is-layout-flow wp-block-quote-is-layout-flow">
<p><strong><mark style="background-color:rgba(0, 0, 0, 0);color:#ff7ac3" class="has-inline-color">Le modèle de Cochem enregistre un taux de réussite quasi parfait avec 95% d’accords lors de la première audience et 98% sur les 5 % restants lors de la deuxième audience.</mark></strong></p>
</blockquote>



<p>En Suisse, près d’un mariage sur deux finit par un divorce et ce sont plus de 12.000 enfants mineurs qui sont directement touchés. S’ils vivent un moment difficile et douloureux, heureusement la plupart d’entre eux s’en remettent pour peu que leurs parents se parlent dans un respect mutuel. «&nbsp;Quoi qu’il arrive, les parents restent des parents et vont devoir garder le contact, juge Mme Vachoux. Ce n’est pas un simple problème de voisinage ou un différend commercial. Ce n’est ni avec votre voisin ou avec un vendeur que vous allez décider où les enfants passent Noël cette année.&nbsp;» La coopération entre les professionnels impliqués, la révision des schémas habituels sont les enjeux du modèle de Cochem avec au bout, le bien-être de l’enfant, le climat positif dans lequel il va continuer de grandir.</p>



<p>François Jeand’Heur<sup data-fn="34cbf423-7f41-4d14-9640-4bf7c0ed5d68" class="fn"><a href="#34cbf423-7f41-4d14-9640-4bf7c0ed5d68" id="34cbf423-7f41-4d14-9640-4bf7c0ed5d68-link">1</a></sup></p>


<ol class="wp-block-footnotes"><li id="34cbf423-7f41-4d14-9640-4bf7c0ed5d68"><a href="https://www.valaisfamily.ch/N1274610/pratique-de-cochem-mediation-familiale.html" data-type="link" data-id="https://www.valaisfamily.ch/N1274610/pratique-de-cochem-mediation-familiale.html">https://www.valaisfamily.ch/N1274610/pratique-de-cochem-mediation-familiale.html</a> <a href="#34cbf423-7f41-4d14-9640-4bf7c0ed5d68-link" aria-label="Aller à la note de bas de page 1">↩︎</a></li><li id="34cbf423-7f41-4d14-9640-4bf7c0ed5d68"><a href="https://www.valaisfamily.ch/N1274610/pratique-de-cochem-mediation-familiale.html" data-type="link" data-id="https://www.valaisfamily.ch/N1274610/pratique-de-cochem-mediation-familiale.html">https://www.valaisfamily.ch/N1274610/pratique-de-cochem-mediation-familiale.html</a> <a href="#34cbf423-7f41-4d14-9640-4bf7c0ed5d68-link" aria-label="Aller à la note de bas de page 2">↩︎</a></li></ol>

<p>Cochem, un modèle de médiation à suivre Afin de préserver les enfants lors d’une séparation, Monthey expérimente un nouveau système où la&nbsp;médiation&nbsp;joue l’arbitre entre des parents qui se déchirent. A Dinat la juge Marie-France Carlier a adopté ce modèle pour son tribunal «&nbsp;Je rêve que mes parents se comportent et communiquent normalement, qu’ils nous épargnent et arrêtent de nous&#46;&#46;&#46;</p>
