{"id":596,"date":"2025-07-09T19:17:03","date_gmt":"2025-07-09T17:17:03","guid":{"rendered":"https:\/\/alienation-parentale.be\/?page_id=596"},"modified":"2026-04-20T17:43:37","modified_gmt":"2026-04-20T15:43:37","slug":"revendications-napabel","status":"publish","type":"page","link":"https:\/\/alienation-parentale.be\/?page_id=596","title":{"rendered":"Revendications Napabel"},"content":{"rendered":"\n<p>Nous avons montr\u00e9 \u00e0 plusieurs endroits quels sont les manquements l\u00e9gaux et les travers de la Loi. Et donc, nous en avons analys\u00e9 les contenus avec de multiples intervenants. Nous avons d\u00e8s lors identifi\u00e9 quelles sont les lacunes de notre Justice et des Lois en mati\u00e8re d&rsquo;ali\u00e9nation parentale. Sur cette base, nous avons d\u00e9fini nos revendications NAPABEL.<\/p>\n\n\n\n<p>Vous trouverez, d\u00e8s lors, ci-apr\u00e8s la liste des r\u00e9formes indispensables afin d&rsquo;\u00e9viter l&rsquo;abus de ce concept. Trop souvent on retrouve cet abus dans les plaidoiries d&rsquo;avocats v\u00e9reux. Et trop souvent on retrouve cet abus de son utilisation dans le comportement de certains parents. Leur attitude est alors peu scrupuleuse \u00e0 l&rsquo;\u00e9gard de leurs enfants et ex-conjoints.  <\/p>\n\n\n\n<p><strong><mark style=\"background-color:rgba(0, 0, 0, 0)\" class=\"has-inline-color has-vivid-red-color\">Liste des revendications Napabel <\/mark><\/strong><\/p>\n\n\n\n<p><strong><mark style=\"background-color:rgba(0, 0, 0, 0)\" class=\"has-inline-color has-vivid-red-color\">1.<\/mark><\/strong> Mettre en place l\u2019obligation pour le Juge d\u2019appliquer <a href=\"https:\/\/www.roland-broca.com\/blog\/pour-un-changement-de-paradigme-des-sparations-conflictuelles-le-modle-de-cochem\">la m\u00e9thode Cochem<\/a> lors de conflits familiaux o\u00f9 des mineurs sont impliqu\u00e9s\u00a0ou \u00e0 d\u00e9faut la m\u00e9thode ADR ( <a href=\"https:\/\/www.europarl.europa.eu\/thinktank\/fr\/document\/EPRS_BRI(2024)757639\">Alternative Dispute Resolution<\/a>)  <\/p>\n\n\n\n<p><mark style=\"background-color:rgba(0, 0, 0, 0)\" class=\"has-inline-color has-vivid-red-color\"><strong>2.<\/strong><\/mark> D\u00e9velopper et modifier l\u2019article 374 du Code Civil traitant de l&rsquo;autorit\u00e9 parentale en introduisant les notions d\u2019\u00e9loignement parental, de d\u00e9nigrement de l\u2019autre parent, de man\u0153uvres \u2026 ( voir la <a href=\"https:\/\/alienation-parentale.be\/?page_id=29\">liste des 27 points <\/a> et la d\u00e9finition PASG ) visant le rejet injustifi\u00e9 de l\u2019autre parent&nbsp;avec pour but de mettre en place les moyens effectifs d&rsquo;exercer encore son autorit\u00e9 parentale m\u00eame en cas d&rsquo;\u00e9loignement voulu ou pas des enfants.<\/p>\n\n\n\n<p><mark style=\"background-color:rgba(0, 0, 0, 0)\" class=\"has-inline-color has-vivid-red-color\"><strong>3.<\/strong><\/mark> Pour \u00e9valuer l\u2019ali\u00e9nation parentale dans les Tribunaux : il faut aux c\u00f4t\u00e9s du Juge un Juge Consulaire (\u00e0 l&rsquo;instar du Tribunal de l&rsquo;Entreprise) form\u00e9 \u00e0 l\u2019ali\u00e9nation parentale et dont la formation comporte :&nbsp;<\/p>\n\n\n\n<ul class=\"wp-block-list\">\n<li>Une formation au traitement de l&rsquo;ali\u00e9nation parentale<\/li>\n\n\n\n<li>Une formation \u00e0 l&rsquo;identification de l&rsquo;ali\u00e9nation parentale<\/li>\n\n\n\n<li>Une formation \u00e0 la m\u00e9thode Cochem <\/li>\n\n\n\n<li>Une formation de niveau universitaire en P\u00e9dopyschologie<\/li>\n<\/ul>\n\n\n\n<p>Ces formations doivent \u00eatre dispens\u00e9es dans toutes les universit\u00e9s de Psychologie et de Droit et dans toutes les formations d&rsquo;assistant social.<\/p>\n\n\n\n<p><mark style=\"background-color:rgba(0, 0, 0, 0)\" class=\"has-inline-color has-vivid-red-color\"><strong>4.<\/strong><\/mark> Progressivit\u00e9 ( gradation de 1 \u00e0 5 ) de la pression judiciaire lors de la d\u00e9couverte d\u2019ali\u00e9nation parentale par un groupe de sp\u00e9cialistes form\u00e9s :&nbsp;<\/p>\n\n\n\n<ol class=\"wp-block-list\">\n<li>m\u00e9thode Cochem syst\u00e9matique lors de conflits parentaux o\u00f9 des mineurs sont impliqu\u00e9s <\/li>\n\n\n\n<li> suivi psychologique&nbsp;\n<ul class=\"wp-block-list\">\n<li> contrainte du parent ali\u00e9nant par un psy form\u00e9 \u00e0 la manipulation<\/li>\n\n\n\n<li> contrainte des enfants ali\u00e9n\u00e9s par un psychologue form\u00e9 \u00e0 l\u2019ali\u00e9nation parentale<\/li>\n\n\n\n<li> soutien psychologique du parent ali\u00e9n\u00e9 par un psychologue sp\u00e9cialis\u00e9 et paiement de celui-ci par le parent ali\u00e9nant<\/li>\n<\/ul>\n<\/li>\n\n\n\n<li> astreintes envers le parent ali\u00e9nant&nbsp;<\/li>\n\n\n\n<li> \u00e9loignement parental temporaire et progressif avec cons\u00e9quences de pension alimentaire \u00e0 payer \u00e0 l\u2019autre parent <\/li>\n\n\n\n<li> \u00e9loignement parental d\u00e9finitif et retrait de l\u2019autorit\u00e9 parentale en cas de r\u00e9cidives et malgr\u00e9 les mesures de rem\u00e9diation<\/li>\n<\/ol>\n\n\n\n<p><mark style=\"background-color:rgba(0, 0, 0, 0)\" class=\"has-inline-color has-vivid-red-color\"><strong>5.<\/strong> <\/mark>Formation obligatoire des diff\u00e9rents intervenants sur l\u2019ali\u00e9nation parentale&nbsp;&nbsp;contenu : d\u00e9finition, m\u00e9canismes, comportements typiques, comment l\u2019identifier, m\u00e9canismes de manipulation et d\u00e9tection. Public-cible : policiers, assistants sociaux du Tribunal, juges, procureurs et leurs substituts, psychologues-experts, &#8230;<\/p>\n\n\n\n<p><mark style=\"background-color:rgba(0, 0, 0, 0)\" class=\"has-inline-color has-vivid-red-color\"><strong>6<\/strong>.<\/mark> Obligation pour la Police de transmettre au Parquet toutes les plaintes dans le cadre de conflits familiaux.<\/p>\n\n\n\n<p><mark style=\"background-color:rgba(0, 0, 0, 0)\" class=\"has-inline-color has-vivid-red-color\"><strong>7.<\/strong> <\/mark>Non-remises d\u2019enfants :&nbsp;<\/p>\n\n\n\n<ul class=\"wp-block-list\">\n<li>obligation pour la Police de transmettre toutes les plaintes imm\u00e9diatement au Procureur qui doit les comptabiliser et les joindre au dossier&nbsp;<\/li>\n\n\n\n<li>obligation de convoquer les parents au Tribunal de la Famille et de rentrer en proc\u00e9dure Cochem \u00e0 la premi\u00e8re non-remise d\u2019enfants constat\u00e9e<\/li>\n<\/ul>\n\n\n\n<p><mark style=\"background-color:rgba(0, 0, 0, 0)\" class=\"has-inline-color has-vivid-red-color\"><strong>8.<\/strong><\/mark> Service d&rsquo;Aide \u00e0 la Jeunesse (SAJ) et Service de Protection de la Jeunesse (SPJ) : obligation en cas de transfert d\u2019un organisme local \u00e0 une autre localisation de transmettre imm\u00e9diatement une copie \u00e0 l\u2019autre organisme de tout le dossier&nbsp;de tenir l\u2019autre organisme d\u2019origine au courant<\/p>\n\n\n\n<p><mark style=\"background-color:rgba(0, 0, 0, 0)\" class=\"has-inline-color has-vivid-red-color\"><strong>9.<\/strong><\/mark> Int\u00e9grer les cohabitant(e)s l\u00e9gaux-ales aux proc\u00e9dures judiciaires, eux-m\u00eames souvent auteurs ou co-auteurs de l&rsquo;ali\u00e9nation parentale<\/p>\n\n\n\n<p><strong><mark style=\"background-color:rgba(0, 0, 0, 0)\" class=\"has-inline-color has-vivid-red-color\">10.<\/mark> <\/strong>Appliquer l\u2019id\u00e9e des 3 erreurs possibles au maximum pour les non remises d\u2019enfants sous peine de sanctions : selon l\u2019appr\u00e9ciation du&nbsp; Juge, il ne sanctionnera la personne d\u00e9lictueuse qu\u2019au maximum la troisi\u00e8me fois. Apr\u00e8s il sera oblig\u00e9 de sanctionner la non-remise d\u2019enfant.<\/p>\n\n\n\n<p><mark style=\"background-color:rgba(0, 0, 0, 0)\" class=\"has-inline-color has-vivid-red-color\"><strong>11.<\/strong><\/mark> Audition des enfants : obligatoirement, d\u00e8s que le Juge veut interroger un enfant mineur, il faudra qu\u2019un psychologue sp\u00e9cialis\u00e9 et form\u00e9 en ali\u00e9nation parentale interroge \u00e9galement cet enfant \u00e0 part et \u00e9value son degr\u00e9 d&rsquo;ali\u00e9nation parentale en prenant garde \u00e0 la distinguer de l&rsquo;\u00e9loignement parental th\u00e9rapeutique n\u00e9cessaire .<\/p>\n\n\n\n<p><mark style=\"background-color:rgba(0, 0, 0, 0)\" class=\"has-inline-color has-vivid-red-color\"><strong>12.<\/strong><\/mark> Ne pas d\u00e9finir un seul lieu de domiciliation des enfants mais les deux lieux et attribuer les allocations familiales aux deux parents.&nbsp;<\/p>\n\n\n\n<p><mark style=\"background-color:rgba(0, 0, 0, 0)\" class=\"has-inline-color has-vivid-red-color\"><strong>13.<\/strong> <\/mark>Obliger les \u00e9coles \u00e0 obtenir l\u2019accord des deux parents quand il y a une autorit\u00e9 parentale conjointe. Obligation de mani\u00e8re g\u00e9n\u00e9rale pour les deux parents de prendre les d\u00e9cisions de mani\u00e8re conjointe.<\/p>\n\n\n\n<p><mark style=\"background-color:rgba(0, 0, 0, 0)\" class=\"has-inline-color has-vivid-red-color\"><strong>14.<\/strong> <\/mark>Obligation de mener les proc\u00e9dures au familial avec un traducteur si un des parents est d\u2019une autre langue que la langue de la proc\u00e9dure.<\/p>\n\n\n\n<p><mark style=\"background-color:rgba(0, 0, 0, 0)\" class=\"has-inline-color has-vivid-red-color\"><strong>15.<\/strong><\/mark> Obligation lors de la premi\u00e8re plainte pour non remise d&rsquo;enfants (NRE) de mettre automatiquement en place la proc\u00e9dure sp\u00e9cifique Ali\u00e9nation Parentale avec rem\u00e9diation end\u00e9ans les trois mois.<\/p>\n\n\n\n<p><mark style=\"background-color:rgba(0, 0, 0, 0)\" class=\"has-inline-color has-vivid-red-color\"><strong>16.<\/strong><\/mark> Obligation d\u2019enregistrer et de transmettre toutes les plaintes pour non remise d&rsquo;enfants (NRE) au Parquet et que les autres commissariats soient au courant.<\/p>\n\n\n\n<p><mark style=\"background-color:rgba(0, 0, 0, 0)\" class=\"has-inline-color has-vivid-red-color\"><strong>17.<\/strong><\/mark> Obligation pour les enfants en cas d\u2019ali\u00e9nation parentale de maintenir un contact avec les deux parents jusqu\u2019\u00e0 18 ans<\/p>\n\n\n\n<p><mark style=\"background-color:rgba(0, 0, 0, 0)\" class=\"has-inline-color has-vivid-red-color\"><strong>19.<\/strong><\/mark> Obligation pour la Tribunaux Familiaux et de la Jeunesse de publier les jugements pour alimenter la Jurisprudence en anonymisant les Jugements.<\/p>\n\n\n\n<p><strong><mark style=\"background-color:rgba(0, 0, 0, 0)\" class=\"has-inline-color has-vivid-red-color\">20.<\/mark><\/strong> Faire travailler des infirmi\u00e8res en sant\u00e9 communautaire sp\u00e9cialis\u00e9es en ali\u00e9nation parentale pour les suivis de dossier \u00e0 la famille et au protectionnel au lieu de simples Assistantes Sociales.<\/p>\n\n\n\n<p><mark style=\"background-color:rgba(0, 0, 0, 0)\" class=\"has-inline-color has-vivid-red-color\"><strong>21.<\/strong><\/mark> Obliger les mutuelles de donner acc\u00e8s au dossier m\u00e9dical et dossier mutuelle de ses propres enfants lors d\u2019un h\u00e9bergement exclusif avec autorit\u00e9 parentale.<\/p>\n\n\n\n<p><strong><mark style=\"background-color:rgba(0, 0, 0, 0)\" class=\"has-inline-color has-vivid-red-color\">22.<\/mark><\/strong> Obliger les Juges de faire la distinction d\u00e8s le d\u00e9part entre violence conjugale avec \u00e9loignement parental n\u00e9cessaire et ali\u00e9nation parentale. Utiliser \u00e0 cet \u00e9gard les connaissances du Juge Consulaire. <br>&nbsp;<\/p>\n\n\n\n<p>Les revendications Napabel seront communiqu\u00e9es et feront l&rsquo;objet de campagnes d&rsquo;information en Belgique aupr\u00e8s de diff\u00e9rents publics. <\/p>\n\n\n\n<p>Les revendications NAPABEL ne sont pas une attaque de la Justice. Toutefois, c&rsquo;est une liste de revendications veillant \u00e0 la d\u00e9fense des int\u00e9r\u00eats des justiciables et principalement les enfants. Ceux-ci sont trop souvent victimes d&rsquo;un manque de moyens et de formation de la Justice.<\/p>\n\n\n\n<p><\/p>\n","protected":false},"excerpt":{"rendered":"<p>Nous avons montr\u00e9 \u00e0 plusieurs endroits quels sont les manquements l\u00e9gaux et les travers de la Loi. Et donc, nous en avons analys\u00e9 les contenus avec de multiples intervenants. Nous avons d\u00e8s lors identifi\u00e9 quelles sont les lacunes de notre Justice et des Lois en mati\u00e8re d&rsquo;ali\u00e9nation parentale. Sur cette base, nous avons d\u00e9fini nos revendications NAPABEL. Vous trouverez,&#46;&#46;&#46;<\/p>\n","protected":false},"author":2,"featured_media":0,"parent":0,"menu_order":0,"comment_status":"closed","ping_status":"closed","template":"","meta":{"_monsterinsights_skip_tracking":false,"_monsterinsights_sitenote_active":false,"_monsterinsights_sitenote_note":"","_monsterinsights_sitenote_category":0,"footnotes":""},"class_list":["post-596","page","type-page","status-publish","hentry"],"jetpack_sharing_enabled":true,"_links":{"self":[{"href":"https:\/\/alienation-parentale.be\/index.php?rest_route=\/wp\/v2\/pages\/596","targetHints":{"allow":["GET"]}}],"collection":[{"href":"https:\/\/alienation-parentale.be\/index.php?rest_route=\/wp\/v2\/pages"}],"about":[{"href":"https:\/\/alienation-parentale.be\/index.php?rest_route=\/wp\/v2\/types\/page"}],"author":[{"embeddable":true,"href":"https:\/\/alienation-parentale.be\/index.php?rest_route=\/wp\/v2\/users\/2"}],"replies":[{"embeddable":true,"href":"https:\/\/alienation-parentale.be\/index.php?rest_route=%2Fwp%2Fv2%2Fcomments&post=596"}],"version-history":[{"count":36,"href":"https:\/\/alienation-parentale.be\/index.php?rest_route=\/wp\/v2\/pages\/596\/revisions"}],"predecessor-version":[{"id":1296,"href":"https:\/\/alienation-parentale.be\/index.php?rest_route=\/wp\/v2\/pages\/596\/revisions\/1296"}],"wp:attachment":[{"href":"https:\/\/alienation-parentale.be\/index.php?rest_route=%2Fwp%2Fv2%2Fmedia&parent=596"}],"curies":[{"name":"wp","href":"https:\/\/api.w.org\/{rel}","templated":true}]}}